{"id":9533,"date":"2026-08-25T07:53:54","date_gmt":"2026-08-25T07:53:54","guid":{"rendered":"https:\/\/www.feuerwerkeverlag.de\/vorableser\/?post_type=product&#038;p=9533"},"modified":"2026-08-31T05:40:11","modified_gmt":"2026-08-31T05:40:11","slug":"der-brandzeichner","status":"publish","type":"product","link":"https:\/\/www.feuerwerkeverlag.de\/vorableser\/produkt\/der-brandzeichner\/","title":{"rendered":"Der Brandzeichner"},"content":{"rendered":"<p><strong>\ud83d\udcd6 Kurzinhalt:<br \/>\n<\/strong><\/p>\n<p>In einem Mehrfamilienhaus wird die Leiche einer jungen Frau entdeckt. Ihr K\u00f6rper ist in Alufolie eingewickelt, die Haut tr\u00e4gt Spuren gezielter Stromfolter und auf ihrer Stirn prangt ein Brandmal. Wer auch immer sie so zugerichtet hat, wollte nicht nur t\u00f6ten \u2013 er wollte ein Zeichen setzen.<\/p>\n<p>Tabea Kurz und Frank Sch\u00fcnemann \u00fcbernehmen den Fall. Als kurze Zeit sp\u00e4ter eine zweite Frauenleiche mit Brandzeichen auftaucht, best\u00e4tigt sich ihr schlimmster Verdacht: Sie haben es mit einem Serienkiller zu tun, der seine Taten akribisch plant und keinerlei Fehler macht.<\/p>\n<p>W\u00e4hrend die Ermittler fieberhaft nach einem Muster suchen, wird klar, dass der M\u00f6rder sie l\u00e4ngst beobachtet. Und er hat bereits entschieden, wer als N\u00e4chstes sein Brandzeichen tragen wird.<\/p>\n<p><strong>\u23f0 Timing\/Deadline:<\/strong><strong><br \/>\n<\/strong><\/p>\n<p>Bitte ver\u00f6ffentlicht eure Rezension&#8230;<\/p>\n<ul>\n<li>zuerst als Bewertung hier im Vorableser-Club (sobald ihr das Buch beendet habt)<\/li>\n<li>anschlie\u00dfend in Communities, Social Media und auf Verkaufsplattformen (z.B. Amazon)\n<ul>\n<li>fr\u00fchestens am V\u00d6-Tag (29.09.2026)<\/li>\n<li>sp\u00e4testens eine Woche nach V\u00d6 (06.10.2026)<\/li>\n<\/ul>\n<\/li>\n<\/ul>\n<p><!-- <strong>\ud83d\udcf8 Futter f\u00fcr eure Social Media Kan\u00e4le<\/strong>\nIn unserer Bildergalerie (siehe oben) haben wir verschiedene Promo-Grafiken (z.B. Schnipsel) bereitgestellt, die ihr gern auf euren Blogs und Social Media Kan\u00e4len teilen\/nutzen d\u00fcrft. Bedient euch! --><\/p>\n","protected":false},"excerpt":{"rendered":"<p><em><strong>Er brennt sein Urteil in ihre Haut \u2026<\/strong><\/em><\/p>\n","protected":false},"featured_media":9536,"comment_status":"open","ping_status":"closed","template":"","meta":[],"product_cat":[22],"product_tag":[],"_links":{"self":[{"href":"https:\/\/www.feuerwerkeverlag.de\/vorableser\/wp-json\/wp\/v2\/product\/9533"}],"collection":[{"href":"https:\/\/www.feuerwerkeverlag.de\/vorableser\/wp-json\/wp\/v2\/product"}],"about":[{"href":"https:\/\/www.feuerwerkeverlag.de\/vorableser\/wp-json\/wp\/v2\/types\/product"}],"replies":[{"embeddable":true,"href":"https:\/\/www.feuerwerkeverlag.de\/vorableser\/wp-json\/wp\/v2\/comments?post=9533"}],"wp:featuredmedia":[{"embeddable":true,"href":"https:\/\/www.feuerwerkeverlag.de\/vorableser\/wp-json\/wp\/v2\/media\/9536"}],"wp:attachment":[{"href":"https:\/\/www.feuerwerkeverlag.de\/vorableser\/wp-json\/wp\/v2\/media?parent=9533"}],"wp:term":[{"taxonomy":"product_cat","embeddable":true,"href":"https:\/\/www.feuerwerkeverlag.de\/vorableser\/wp-json\/wp\/v2\/product_cat?post=9533"},{"taxonomy":"product_tag","embeddable":true,"href":"https:\/\/www.feuerwerkeverlag.de\/vorableser\/wp-json\/wp\/v2\/product_tag?post=9533"}],"curies":[{"name":"wp","href":"https:\/\/api.w.org\/{rel}","templated":true}]}}

<p><strong>📖 Kurzinhalt:<br />
</strong></p>
<p>In einem Mehrfamilienhaus wird die Leiche einer jungen Frau entdeckt. Ihr Körper ist in Alufolie eingewickelt, die Haut trägt Spuren gezielter Stromfolter und auf ihrer Stirn prangt ein Brandmal. Wer auch immer sie so zugerichtet hat, wollte nicht nur töten – er wollte ein Zeichen setzen.</p>
<p>Tabea Kurz und Frank Schünemann übernehmen den Fall. Als kurze Zeit später eine zweite Frauenleiche mit Brandzeichen auftaucht, bestätigt sich ihr schlimmster Verdacht: Sie haben es mit einem Serienkiller zu tun, der seine Taten akribisch plant und keinerlei Fehler macht.</p>
<p>Während die Ermittler fieberhaft nach einem Muster suchen, wird klar, dass der Mörder sie längst beobachtet. Und er hat bereits entschieden, wer als Nächstes sein Brandzeichen tragen wird.</p>
<p><strong>⏰ Timing/Deadline:</strong><strong><br />
</strong></p>
<p>Bitte veröffentlicht eure Rezension&#8230;</p>
<ul>
<li>zuerst als Bewertung hier im Vorableser-Club (sobald ihr das Buch beendet habt)</li>
<li>anschließend in Communities, Social Media und auf Verkaufsplattformen (z.B. Amazon)
<ul>
<li>frühestens am VÖ-Tag (29.09.2026)</li>
<li>spätestens eine Woche nach VÖ (06.10.2026)</li>
</ul>
</li>
</ul>
<p><!-- <strong>📸 Futter für eure Social Media Kanäle</strong>
In unserer Bildergalerie (siehe oben) haben wir verschiedene Promo-Grafiken (z.B. Schnipsel) bereitgestellt, die ihr gern auf euren Blogs und Social Media Kanälen teilen/nutzen dürft. Bedient euch! --></p>
