{"id":8765,"date":"2026-04-22T06:48:42","date_gmt":"2026-04-22T06:48:42","guid":{"rendered":"https:\/\/www.feuerwerkeverlag.de\/vorableser\/?post_type=product&#038;p=8765"},"modified":"2026-05-08T06:33:44","modified_gmt":"2026-05-08T06:33:44","slug":"salziges-grab-zwischen-mord-und-ostsee","status":"publish","type":"product","link":"https:\/\/www.feuerwerkeverlag.de\/vorableser\/produkt\/salziges-grab-zwischen-mord-und-ostsee\/","title":{"rendered":"Salziges Grab (Zwischen Mord und Ostsee)"},"content":{"rendered":"<p><strong>\ud83d\udcd6 Kurzinhalt:<\/strong><\/p>\n<p>W\u00e4hrend sich die Flensburger auf ein neues Segelevent freuen, stirbt im Yachthafen Sonwik einer der wohlhabenden Bootseigner auf r\u00e4tselhafte Weise. Ina Drews und J\u00f6rn Appel \u2013 eigentlich nur zu Besuch in der sch\u00f6nen F\u00f6rdestadt \u2013 schlittern unfreiwillig in die Ermittlungen hinein. Schnell wird klar: Der Tod des schwerreichen Lebemanns war weder Selbstmord noch ein Unfall.<\/p>\n<p>Doch wer wollte ihn loswerden? Sein fr\u00fcherer Steuermann? Eine ehrgeizige Podcasterin mit eigenen Interessen? Oder steckt weit mehr dahinter?<\/p>\n<p>W\u00e4hrend die Zahl der Verd\u00e4chtigen w\u00e4chst, geraten auch Ina und J\u00f6rn an ihre Grenzen \u2013 und m\u00fcssen sich fragen, ob sie wieder ein Team werden und gemeinsam auf Verbrecherjagd gehen \u2026<\/p>\n<p><strong>\u23f0 Timing\/Deadline:<\/strong><strong><br \/>\n<\/strong><\/p>\n<p>Bitte ver\u00f6ffentlicht eure Rezension&#8230;<\/p>\n<ul>\n<li>zuerst als Bewertung hier im Vorableser-Club (sobald ihr das Buch beendet habt)<\/li>\n<li>anschlie\u00dfend in Communities, Social Media und auf Verkaufsplattformen (z.B. Amazon)\n<ul>\n<li>fr\u00fchestens am V\u00d6-Tag (26.05.2026)<\/li>\n<li>sp\u00e4testens eine Woche nach V\u00d6 (02.06.2026)<\/li>\n<\/ul>\n<\/li>\n<\/ul>\n<p><!-- <strong>\ud83d\udcf8 Futter f\u00fcr eure Social Media Kan\u00e4le<\/strong>\nIn unserer Bildergalerie (siehe oben) haben wir verschiedene Promo-Grafiken (z.B. Schnipsel) bereitgestellt, die ihr gern auf euren Blogs und Social Media Kan\u00e4len teilen\/nutzen d\u00fcrft. Bedient euch! --><\/p>\n<p>&nbsp;<\/p>\n","protected":false},"excerpt":{"rendered":"<p><em><strong><span class=\"a-text-bold\">Ein Hafen voller Geheimnisse. Und ein Mord, der Wellen schl\u00e4gt.<\/span><\/strong><\/em><\/p>\n","protected":false},"featured_media":8766,"comment_status":"open","ping_status":"closed","template":"","meta":[],"product_cat":[22],"product_tag":[],"_links":{"self":[{"href":"https:\/\/www.feuerwerkeverlag.de\/vorableser\/wp-json\/wp\/v2\/product\/8765"}],"collection":[{"href":"https:\/\/www.feuerwerkeverlag.de\/vorableser\/wp-json\/wp\/v2\/product"}],"about":[{"href":"https:\/\/www.feuerwerkeverlag.de\/vorableser\/wp-json\/wp\/v2\/types\/product"}],"replies":[{"embeddable":true,"href":"https:\/\/www.feuerwerkeverlag.de\/vorableser\/wp-json\/wp\/v2\/comments?post=8765"}],"wp:featuredmedia":[{"embeddable":true,"href":"https:\/\/www.feuerwerkeverlag.de\/vorableser\/wp-json\/wp\/v2\/media\/8766"}],"wp:attachment":[{"href":"https:\/\/www.feuerwerkeverlag.de\/vorableser\/wp-json\/wp\/v2\/media?parent=8765"}],"wp:term":[{"taxonomy":"product_cat","embeddable":true,"href":"https:\/\/www.feuerwerkeverlag.de\/vorableser\/wp-json\/wp\/v2\/product_cat?post=8765"},{"taxonomy":"product_tag","embeddable":true,"href":"https:\/\/www.feuerwerkeverlag.de\/vorableser\/wp-json\/wp\/v2\/product_tag?post=8765"}],"curies":[{"name":"wp","href":"https:\/\/api.w.org\/{rel}","templated":true}]}}