{"id":7054,"date":"2025-07-11T09:32:31","date_gmt":"2025-07-11T09:32:31","guid":{"rendered":"https:\/\/www.feuerwerkeverlag.de\/vorableser\/?post_type=product&#038;p=7054"},"modified":"2025-11-23T20:55:11","modified_gmt":"2025-11-23T20:55:11","slug":"wenn-der-himmel-das-meer-beruehrt","status":"publish","type":"product","link":"https:\/\/www.feuerwerkeverlag.de\/vorableser\/produkt\/wenn-der-himmel-das-meer-beruehrt\/","title":{"rendered":"Wenn der Himmel das Meer ber\u00fchrt"},"content":{"rendered":"<p><strong>\ud83d\udcd6 Kurzinhalt:<br \/>\n<\/strong><\/p>\n<p>Als Mitarbeiterin im Jugendamt steht Emma tagt\u00e4glich f\u00fcr Kinder ein, die von ihren Familien vernachl\u00e4ssigt werden. Kinder wie die 9-j\u00e4hrige Alina. Doch das stille, kluge M\u00e4dchen mit der Liebe zu den Sternen ber\u00fchrt Emmas Herz auf besondere Weise. Und so bringt Emma sie &#8211; gegen alle Regeln &#8211; kurzerhand zu Alinas einzigem Verwandten: Onkel Max, der an der Nordsee lebt und sein Herz am rechten Fleck hat.<\/p>\n<p>Was als Pflichtaufgabe beginnt, entwickelt sich zu einer Reise voller Mitgef\u00fchl, N\u00e4he und Liebe, bei der auch Emma und Max sich Tag f\u00fcr Tag n\u00e4herkommen. Doch als dann ein schmerzhaftes Geheimnis ans Licht kommt, steht pl\u00f6tzlich wieder alles auf dem Spiel \u2013 und Emma vor der schwersten Entscheidung ihres Lebens.<\/p>\n<p><strong>\u23f0 Timing\/Deadline:<\/strong><strong><br \/>\n<\/strong><\/p>\n<p>Bitte ver\u00f6ffentlicht eure Rezension&#8230;<\/p>\n<ul>\n<li>zuerst als Bewertung hier im Vorableser-Club (sobald ihr das Buch beendet habt)<\/li>\n<li>anschlie\u00dfend in Communities, Social Media und auf Verkaufsplattformen (z.B. Amazon)\n<ul>\n<li>fr\u00fchestens am V\u00d6-Tag (12.08.2025)<\/li>\n<li>sp\u00e4testens eine Woche nach V\u00d6 (19.08.2025)<\/li>\n<\/ul>\n<\/li>\n<\/ul>\n<p><!-- <strong>\ud83d\udcf8 Futter f\u00fcr eure Social Media Kan\u00e4le<\/strong>\nIn unserer Bildergalerie (siehe oben) haben wir verschiedene Promo-Grafiken (z.B. Schnipsel) bereitgestellt, die ihr gern auf euren Blogs und Social Media Kan\u00e4len teilen\/nutzen d\u00fcrft. Bedient euch! --><\/p>\n","protected":false},"excerpt":{"rendered":"<p><strong><em>Diese Vorablese-Aktion ist bereits beendet. Der Download des eBooks steht nicht mehr zur Verf\u00fcgung. Wenn du dich f\u00fcr den Titel interessierst,\u00a0<a href=\"https:\/\/www.amazon.de\/Wenn-Himmel-Meer-ber%C3%BChrt-Liebesroman-ebook\/dp\/B0FG85QDSL\">findest du ihn bei Amazon<\/a>.<\/em><\/strong><\/p>\n","protected":false},"featured_media":7055,"comment_status":"open","ping_status":"closed","template":"","meta":[],"product_cat":[17],"product_tag":[],"_links":{"self":[{"href":"https:\/\/www.feuerwerkeverlag.de\/vorableser\/wp-json\/wp\/v2\/product\/7054"}],"collection":[{"href":"https:\/\/www.feuerwerkeverlag.de\/vorableser\/wp-json\/wp\/v2\/product"}],"about":[{"href":"https:\/\/www.feuerwerkeverlag.de\/vorableser\/wp-json\/wp\/v2\/types\/product"}],"replies":[{"embeddable":true,"href":"https:\/\/www.feuerwerkeverlag.de\/vorableser\/wp-json\/wp\/v2\/comments?post=7054"}],"wp:featuredmedia":[{"embeddable":true,"href":"https:\/\/www.feuerwerkeverlag.de\/vorableser\/wp-json\/wp\/v2\/media\/7055"}],"wp:attachment":[{"href":"https:\/\/www.feuerwerkeverlag.de\/vorableser\/wp-json\/wp\/v2\/media?parent=7054"}],"wp:term":[{"taxonomy":"product_cat","embeddable":true,"href":"https:\/\/www.feuerwerkeverlag.de\/vorableser\/wp-json\/wp\/v2\/product_cat?post=7054"},{"taxonomy":"product_tag","embeddable":true,"href":"https:\/\/www.feuerwerkeverlag.de\/vorableser\/wp-json\/wp\/v2\/product_tag?post=7054"}],"curies":[{"name":"wp","href":"https:\/\/api.w.org\/{rel}","templated":true}]}}