{"id":6961,"date":"2025-06-11T08:42:30","date_gmt":"2025-06-11T08:42:30","guid":{"rendered":"https:\/\/www.feuerwerkeverlag.de\/vorableser\/?post_type=product&#038;p=6961"},"modified":"2025-08-21T07:52:25","modified_gmt":"2025-08-21T07:52:25","slug":"meertraeume-von-liebe","status":"publish","type":"product","link":"https:\/\/www.feuerwerkeverlag.de\/vorableser\/produkt\/meertraeume-von-liebe\/","title":{"rendered":"Meertr\u00e4ume von Liebe"},"content":{"rendered":"<p><strong>\ud83d\udcd6 Kurzinhalt:<br \/>\n<\/strong><\/p>\n<p>F\u00fcr Clara gibt es keinen sch\u00f6neren Ort als den\u00a0<span class=\"a-text-italic\">Gutshof D\u00fcnenrose<\/span>. Bereits seit Generationen ist das malerische, direkt an der Ostseek\u00fcste gelegene Anwesen im Familienbesitz. Als Claras Vater den mittlerweile bauf\u00e4lligen Hof pl\u00f6tzlich verkaufen muss, steht nicht nur ihr Zuhause, sondern auch ein St\u00fcck ihrer Vergangenheit auf dem Spiel.<\/p>\n<p>Malte, der charmante K\u00e4ufer des Gutshauses, hat gro\u00dfe Pl\u00e4ne: Er m\u00f6chte hier ein gem\u00fctliches K\u00fcstenhotel er\u00f6ffnen. Anfangs ist Clara entschlossen, ihn aufzuhalten. Doch je besser sie ihn und seine Tr\u00e4ume kennenlernt, desto mehr erkennt sie, dass Malte genau der Verb\u00fcndete ist, den sie braucht, um Gut D\u00fcnenrose noch zu retten.<\/p>\n<p>Und am Ende k\u00f6nnte zwischen alten Mauern, duftenden Rosen und dem Rauschen der Wellen nicht nur der Gutshof eine neue Zukunft finden \u2013 sondern ganz unerwartet auch Claras Herz.<\/p>\n<p><strong>\u23f0 Timing\/Deadline:<\/strong><strong><br \/>\n<\/strong><\/p>\n<p>Bitte ver\u00f6ffentlicht eure Rezension&#8230;<\/p>\n<ul>\n<li>zuerst als Bewertung hier im Vorableser-Club (sobald ihr das Buch beendet habt)<\/li>\n<li>anschlie\u00dfend in Communities, Social Media und auf Verkaufsplattformen (z.B. Amazon)\n<ul>\n<li>fr\u00fchestens am V\u00d6-Tag (15.07.2025)<\/li>\n<li>sp\u00e4testens eine Woche nach V\u00d6 (22.07.2025)<\/li>\n<\/ul>\n<\/li>\n<\/ul>\n<p><!-- <strong>\ud83d\udcf8 Futter f\u00fcr eure Social Media Kan\u00e4le<\/strong>\nIn unserer Bildergalerie (siehe oben) haben wir verschiedene Promo-Grafiken (z.B. Schnipsel) bereitgestellt, die ihr gern auf euren Blogs und Social Media Kan\u00e4len teilen\/nutzen d\u00fcrft. Bedient euch! --><\/p>\n","protected":false},"excerpt":{"rendered":"<p><strong><em>Diese Vorablese-Aktion ist bereits beendet. Der Download des eBooks steht nicht mehr zur Verf\u00fcgung. Wenn du dich f\u00fcr den Titel interessierst,\u00a0<a href=\"https:\/\/www.amazon.de\/Meertr%C3%A4ume-von-Liebe-Gutshof-D%C3%BCnenrose-ebook\/dp\/B0F9YY2HBM\">findest du ihn bei Amazon<\/a>.<\/em><\/strong><\/p>\n","protected":false},"featured_media":6962,"comment_status":"open","ping_status":"closed","template":"","meta":[],"product_cat":[17],"product_tag":[],"_links":{"self":[{"href":"https:\/\/www.feuerwerkeverlag.de\/vorableser\/wp-json\/wp\/v2\/product\/6961"}],"collection":[{"href":"https:\/\/www.feuerwerkeverlag.de\/vorableser\/wp-json\/wp\/v2\/product"}],"about":[{"href":"https:\/\/www.feuerwerkeverlag.de\/vorableser\/wp-json\/wp\/v2\/types\/product"}],"replies":[{"embeddable":true,"href":"https:\/\/www.feuerwerkeverlag.de\/vorableser\/wp-json\/wp\/v2\/comments?post=6961"}],"wp:featuredmedia":[{"embeddable":true,"href":"https:\/\/www.feuerwerkeverlag.de\/vorableser\/wp-json\/wp\/v2\/media\/6962"}],"wp:attachment":[{"href":"https:\/\/www.feuerwerkeverlag.de\/vorableser\/wp-json\/wp\/v2\/media?parent=6961"}],"wp:term":[{"taxonomy":"product_cat","embeddable":true,"href":"https:\/\/www.feuerwerkeverlag.de\/vorableser\/wp-json\/wp\/v2\/product_cat?post=6961"},{"taxonomy":"product_tag","embeddable":true,"href":"https:\/\/www.feuerwerkeverlag.de\/vorableser\/wp-json\/wp\/v2\/product_tag?post=6961"}],"curies":[{"name":"wp","href":"https:\/\/api.w.org\/{rel}","templated":true}]}}