{"id":6197,"date":"2025-02-14T10:28:18","date_gmt":"2025-02-14T10:28:18","guid":{"rendered":"https:\/\/www.feuerwerkeverlag.de\/vorableser\/?post_type=product&#038;p=6197"},"modified":"2025-05-24T17:03:52","modified_gmt":"2025-05-24T17:03:52","slug":"schwedenhass","status":"publish","type":"product","link":"https:\/\/www.feuerwerkeverlag.de\/vorableser\/produkt\/schwedenhass\/","title":{"rendered":"SchwedenHass"},"content":{"rendered":"<p><strong>\ud83d\udcd6 Kurzinhalt:<br \/>\n<\/strong><\/p>\n<p>Vimmerby im beschaulichen Sm\u00e5land in S\u00fcdschweden: In der N\u00e4he der alten Dorfkirche wird ein schwer verletzter Mann gefunden, der noch auf dem Weg ins Krankenhaus stirbt. Schnell wird klar, dass es sich nicht um einen Unfall handelt, sondern um kaltbl\u00fctigen Mord.<\/p>\n<p>Der Polizeichef der Stadt, Marten Henriksson, \u00fcbernimmt zusammen mit seiner Kollegin und Ex-Frau Lena Wallin den Fall, der sich schnell als kompliziert und widerspr\u00fcchlich erweist. Es gibt zwar viele Spuren, aber kaum Verd\u00e4chtige. Das Opfer war allseits als hilfsbereit bekannt, galt aber auch als streng und konservativ, sodass es immer wieder zu Konflikten kam.<\/p>\n<p>Als dann pl\u00f6tzlich auch noch Martens privates Umfeld mit in den Fall verwickelt wird, geraten die Ermittler immer mehr unter Druck und m\u00fcssen so schnell wie m\u00f6glich Ergebnisse vorweisen &#8211; bevor der n\u00e4chste Mord geschieht\u2026<\/p>\n<p><strong>\u23f0 Timing\/Deadline:<\/strong><strong><br \/>\n<\/strong><\/p>\n<p>Bitte ver\u00f6ffentlicht eure Rezension&#8230;<\/p>\n<ul>\n<li>zuerst als Bewertung hier im Vorableser-Club (sobald ihr das Buch beendet habt)<\/li>\n<li>anschlie\u00dfend in Communities, Social Media und auf Verkaufsplattformen (z.B. Amazon)\n<ul>\n<li>fr\u00fchestens am V\u00d6-Tag (20.03.2025)<\/li>\n<li>sp\u00e4testens eine Woche nach V\u00d6 (27.03.2025)<\/li>\n<\/ul>\n<\/li>\n<\/ul>\n<p><!-- <strong>\ud83d\udcf8 Futter f\u00fcr eure Social Media Kan\u00e4le<\/strong>\nIn unserer Bildergalerie (siehe oben) haben wir verschiedene Promo-Grafiken (z.B. Schnipsel) bereitgestellt, die ihr gern auf euren Blogs und Social Media Kan\u00e4len teilen\/nutzen d\u00fcrft. Bedient euch! --><\/p>\n","protected":false},"excerpt":{"rendered":"<p><em><strong>Diese Vorablese-Aktion ist bereits beendet. Der Download des eBooks steht nicht mehr zur Verf\u00fcgung. Wenn du dich f\u00fcr den Titel interessierst,\u00a0<a href=\"https:\/\/www.amazon.de\/dp\/B0DX76XMPZ\/\">findest du ihn bei Amazon<\/a>.<\/strong><\/em><\/p>\n","protected":false},"featured_media":6198,"comment_status":"open","ping_status":"closed","template":"","meta":[],"product_cat":[22],"product_tag":[],"_links":{"self":[{"href":"https:\/\/www.feuerwerkeverlag.de\/vorableser\/wp-json\/wp\/v2\/product\/6197"}],"collection":[{"href":"https:\/\/www.feuerwerkeverlag.de\/vorableser\/wp-json\/wp\/v2\/product"}],"about":[{"href":"https:\/\/www.feuerwerkeverlag.de\/vorableser\/wp-json\/wp\/v2\/types\/product"}],"replies":[{"embeddable":true,"href":"https:\/\/www.feuerwerkeverlag.de\/vorableser\/wp-json\/wp\/v2\/comments?post=6197"}],"wp:featuredmedia":[{"embeddable":true,"href":"https:\/\/www.feuerwerkeverlag.de\/vorableser\/wp-json\/wp\/v2\/media\/6198"}],"wp:attachment":[{"href":"https:\/\/www.feuerwerkeverlag.de\/vorableser\/wp-json\/wp\/v2\/media?parent=6197"}],"wp:term":[{"taxonomy":"product_cat","embeddable":true,"href":"https:\/\/www.feuerwerkeverlag.de\/vorableser\/wp-json\/wp\/v2\/product_cat?post=6197"},{"taxonomy":"product_tag","embeddable":true,"href":"https:\/\/www.feuerwerkeverlag.de\/vorableser\/wp-json\/wp\/v2\/product_tag?post=6197"}],"curies":[{"name":"wp","href":"https:\/\/api.w.org\/{rel}","templated":true}]}}