{"id":2182,"date":"2022-09-04T05:00:45","date_gmt":"2022-09-04T05:00:45","guid":{"rendered":"https:\/\/www.feuerwerkeverlag.de\/vorableser\/?post_type=product&#038;p=2182"},"modified":"2023-02-28T10:16:32","modified_gmt":"2023-02-28T10:16:32","slug":"weil-wir-an-wunder-glauben","status":"publish","type":"product","link":"https:\/\/www.feuerwerkeverlag.de\/vorableser\/produkt\/weil-wir-an-wunder-glauben\/","title":{"rendered":"Weil wir an Wunder glauben"},"content":{"rendered":"<p><strong>\ud83d\udcd6 Kurzinhalt:<br \/>\n<\/strong>F\u00fcnf Jahre sind vergangen, seit Vincent einen furchtbaren Fehler begangen hat. Einen Fehler, der nicht nur sein eigenes Leben, sondern auch das seiner Frau Romy f\u00fcr immer ver\u00e4ndert hat.<\/p>\n<p>Die quirlige Malerin Valerie hat sich ein Leben ganz nach ihren Tr\u00e4umen erschaffen: frei und unabh\u00e4ngig reist sie durch die Welt, dankbar daf\u00fcr, auf niemanden angewiesen zu sein.<\/p>\n<p>Als sich die Wege der beiden eines Tages kreuzen, steht f\u00fcr Vincent und Valerie die Welt pl\u00f6tzlich Kopf. Denn Vincent, der in Ruhe und Abgeschiedenheit seine kranke Frau pflegen will, und Valerie, die sich um das geerbte kleine Haus ihrer Gro\u00dfeltern k\u00fcmmern m\u00f6chte, suchen in dem beschaulichen D\u00f6rfchen an der Mosel eigentlich alles, nur keine feste Beziehung. Doch schon bald entwickelt sich zwischen den beiden eine ganz besondere Verbindung.<\/p>\n<p>Als Valerie jedoch nach und nach hinter Vincents Geheimnis kommt, droht das zarte Band zwischen den Beiden j\u00e4h zu zerrei\u00dfen, und es stellt sich die Frage, wie sehr sie immer noch an Wunder glauben\u2026<\/p>\n<p><strong>\u23f0 Timing\/Deadline:<\/strong><strong><br \/>\n<\/strong><\/p>\n<p>Bitte ver\u00f6ffentlicht eure Rezension&#8230;<\/p>\n<ul>\n<li>zuerst als Bewertung hier im Vorableser-Club (sobald ihr das Buch beendet habt)<\/li>\n<li>anschlie\u00dfend in Communities, Social Media und auf Verkaufsplattformen (z.B. Amazon)\n<ul>\n<li>fr\u00fchestens am V\u00d6-Tag (06.10.2022)<\/li>\n<li>sp\u00e4testens eine Woche nach V\u00d6 (13.10.2022)<\/li>\n<\/ul>\n<\/li>\n<\/ul>\n<p><!-- <strong>\ud83d\udcf8 Futter f\u00fcr eure Social Media Kan\u00e4le<\/strong>\nIn unserer Bildergalerie (siehe oben) haben wir verschiedene Promo-Grafiken (z.B. Schnipsel) bereitgestellt, die ihr gern auf euren Blogs und Social Media Kan\u00e4len teilen\/nutzen d\u00fcrft. Bedient euch! --><\/p>\n<p><strong>\ud83d\udcf8 Futter f\u00fcr eure Social Media Kan\u00e4le<\/strong><br \/>\nIn unserer Bildergalerie (siehe oben) haben wir verschiedene Promo-Grafiken bereitgestellt, die ihr gern auf euren Blogs und Social Media Kan\u00e4len teilen\/nutzen d\u00fcrft. Bedient euch!<\/p>\n<p><strong>\ud83d\udcac Tauscht euch mit der Autorin aus!<br \/>\n<\/strong><a href=\"https:\/\/www.facebook.com\/groups\/VorableserclubFWV\">In unserer Facebook-Gruppe<\/a>\u00a0k\u00f6nnt ihr euch mit anderen VorableserInnen \u00fcber Handlung und Hintergr\u00fcnde austauschen.<\/p>\n<p>Die Teilnahme am Austausch in der Gruppe ist nat\u00fcrlich freiwillig, aber wir freuen uns, wenn ihr dabei seid! <em>Noch kein Mitglied der Facebook-Gruppe?<\/em> <a href=\"https:\/\/www.facebook.com\/groups\/VorableserclubFWV\">Jetzt beitreten!<\/a><\/p>\n","protected":false},"excerpt":{"rendered":"<p><strong><em>Manchmal ist das, was dir Angst macht, genau das, wonach du insgeheim gesucht hast.<\/em><\/strong><\/p>\n<p><strong><span style=\"color: #ff6600;\"><em>Diese Vorablese-Aktion ist bereits beendet. Der Download des eBooks steht nicht mehr zur Verf\u00fcgung. Wenn du dich f\u00fcr den Titel interessierst, <a href=\"https:\/\/www.amazon.de\/Weil-Wunder-glauben-Josefine-Weiss-ebook\/dp\/B0BD4M3R6K\/\">findest du ihn bei Amazon<\/a>.<\/em><\/span><\/strong><\/p>\n","protected":false},"featured_media":2186,"comment_status":"open","ping_status":"closed","template":"","meta":[],"product_cat":[17],"product_tag":[],"_links":{"self":[{"href":"https:\/\/www.feuerwerkeverlag.de\/vorableser\/wp-json\/wp\/v2\/product\/2182"}],"collection":[{"href":"https:\/\/www.feuerwerkeverlag.de\/vorableser\/wp-json\/wp\/v2\/product"}],"about":[{"href":"https:\/\/www.feuerwerkeverlag.de\/vorableser\/wp-json\/wp\/v2\/types\/product"}],"replies":[{"embeddable":true,"href":"https:\/\/www.feuerwerkeverlag.de\/vorableser\/wp-json\/wp\/v2\/comments?post=2182"}],"wp:featuredmedia":[{"embeddable":true,"href":"https:\/\/www.feuerwerkeverlag.de\/vorableser\/wp-json\/wp\/v2\/media\/2186"}],"wp:attachment":[{"href":"https:\/\/www.feuerwerkeverlag.de\/vorableser\/wp-json\/wp\/v2\/media?parent=2182"}],"wp:term":[{"taxonomy":"product_cat","embeddable":true,"href":"https:\/\/www.feuerwerkeverlag.de\/vorableser\/wp-json\/wp\/v2\/product_cat?post=2182"},{"taxonomy":"product_tag","embeddable":true,"href":"https:\/\/www.feuerwerkeverlag.de\/vorableser\/wp-json\/wp\/v2\/product_tag?post=2182"}],"curies":[{"name":"wp","href":"https:\/\/api.w.org\/{rel}","templated":true}]}}